. Suppose 5*b + f*d - 73 = 0, -3*b + 28 = -5*d - 1. Is b prime?
True
Suppose -3*b - 7 = -x, 5*x = -3*b + 2*b - 29. Let i(m) = m**3 + 4*m**2 - m - 2. Let k be i(b). Suppose 5*f + k*z = z + 398, -5*z + 15 = 0. Is f prime?
True
Let w(m) = m + 2. Let u be w(0). Let d be (2 - (u + 0))*1. Let n = d - -13. Is n a prime number?
True
Let f be 1 + -2 + 1 + 3. Let b(l) = 2*l**3 - 4*l**2 - 1. Let d be b(f). Let o = 42 - d. Is o prime?
False
Let v(x) = -37*x. Let l be (-24)/(-13) + (-6)/(-39). Let s be v(l). Is (9/(-18))/(1/s) composite?
False
Is 1*3/9*537 a composite number?
False
Let p = 5 - 0. Suppose 0 = 4*m - p - 119. Is m prime?
True
Suppose -3 - 7 = l. Let h(v) = v**2 + 4*v + 5. Is h(l) a composite number?
True
Let g be ((-14)/8)/(5/(-60)). Suppose -2*v + g = v. Let l(b) = 9*b - 4. Is l(v) prime?
True
Let s(a) = 43*a**3 + 6*a**2 - 3*a - 7. Is s(3) composite?
True
Suppose 0*g - 8 = -4*g. Suppose -91 = -g*p - 5*v, 165 = 3*p - 4*v + 2*v. Is p composite?
False
Let q(k) = -k**3 - 5*k**2 + 4*k - 11. Is q(-10) a prime number?
True
Suppose u + 0 = 2. Let t be 0/u + (0 - -2). Suppose -7 = -t*w - 1. Is w a prime number?
True
Let m = 5 - 1. Suppose 3*a + 2*a = w + 920, -2*a + m*w = -350. Is a composite?
True
Is (-118)/3*15/(-10) composite?
False
Let v = -249 - -1064. Is v a prime number?
False
Suppose -3*a + 2*d - 4 = -0*d, 3*a - 3*d + 6 = 0. Suppose 5*i - 35 + a = 0. Is i composite?
False
Let x be (-1)/(-4) - (-79)/4. Let v = x - -1. Is (v/(-2))/(3/(-4)) a composite number?
True
Let f = 19 - 13. Suppose -f*c + 16 = -4*c. Suppose z + c = 67. Is z composite?
False
Let o(h) = h**3 + 25*h**2 + 41*h + 21. Is o(-22) prime?
True
Let y = -110 + 156. Is y a composite number?
True
Suppose -3*z + 3*n = -9, 3*n + 0*n - 11 = -2*z. Let f(a) = -4*a**2 + 13*a - 11. Let y(k) = 6*k**2 - 20*k + 17. Let i(g) = -8*f(g) - 5*y(g). Is i(z) composite?
False
Let t be 3 - (-1 + 3 - 1). Suppose 4*y = 2*j - 42, -4*j - t*y = j - 129. Is j*(1 + (2 - 2)) a composite number?
True
Let t be (-3)/3 - (-1 - 0). Suppose -5*l - 2*x + 25 = 0, 0*x - 3*x + 27 = 4*l. Suppose g + t*g = l*z - 111, 0 = -3*g. Is z prime?
True
Suppose -3*o + 0*o = -36. Suppose 9 = 4*s - 11, o = h - 5*s. Is h a prime number?
True
Suppose 3*s + 4*l - 7528 = -s, 3762 = 2*s + 4*l. Is s composite?
True
Suppose 5*c + 12 = 32, 0 = -q + 4*c + 273. Suppose 400 + q = 3*k - 2*b, 3*k + 2*b = 709. Is k composite?
False
Suppose -q = -4*m + 103, 4*m - 4*q - 99 = q. Suppose -2*a + m + 20 = 0. Is a a composite number?
False
Suppose 0 = 2*k + 2*k - 5*a - 3444, 3*k = a + 2594. Let z = k - 609. Is z a composite number?
False
Let d be (-2)/2 + (4 - 2). Suppose 5*x + 61 = d. Let w = 22 + x. Is w prime?
False
Let y(w) = -w**3 - 4*w**2 + 3*w - 5. Let s be y(-5). Suppose 2*f + 8 = 5*x, -5*x = s*f - 2*x - 42. Let k(b) = 10*b + 5. Is k(f) a composite number?
True
Let y(w) = -6*w**2 + 5*w + 1. Let j be y(-4). Let h = j + 166. Is h prime?
False
Suppose 3*d - 6 = -2*v, 2*v + 4*d - 7 = -1. Suppose v*l = -l + 8. Is (1 - 1) + 7 + l composite?
True
Suppose k - 4 = 3*n - 2*n, 3*n = 4*k - 11. Let t be k/(-1) - (-1 + -109). Is t/(-2 + 5) - 0 prime?
True
Suppose -36 = 6*s - 3*s - 3*c, 2*c + 41 = -3*s. Let g = s - -8. Let t(k) = -k**3 - 6*k**2 - 6*k + 1. Is t(g) prime?
False
Let q(o) = -2 + 56*o + 0 - 3 - 2. Is q(4) composite?
True
Let y = 5 + -7. Let w be (y/(-5))/1*-10. Let q(d) = -3*d - 1. Is q(w) prime?
True
Suppose -3*o + 674 = -o. Is o prime?
True
Let b(h) = 15*h**2 + 5*h - 3. Let v be b(-4). Suppose -9*t + v = -8*t. Is t a composite number?
True
Let i = -43 - -18. Let z = i - -131. Is (-2 - -1)/((-2)/z) a composite number?
False
Suppose 5*b - 469 = 106. Is b a prime number?
False
Suppose p - 8 = -3. Let h(i) = 74*i + 9. Is h(p) composite?
False
Is (-10 - (-1 + -4))*309/(-5) a prime number?
False
Let m(j) = 3*j**3 - 3*j**2 + 4*j + 1. Let r(f) = f - 5. Let z be r(4). Let h be (3/2)/(z/(-2)). Is m(h) a prime number?
True
Let z(l) = -l**3 - 3*l**2 + 4*l + 1. Let o be z(-4). Is (-76)/(-2) - 1/o a prime number?
True
Let a be (1/3)/(1/9). Let y(t) = t + 1. Let p be y(a). Is (-231)/(-15) - p/10 composite?
True
Let n(p) = 6*p**3. Let r be n(-1). Let x = r - -95. Is x composite?
False
Let k(z) = -z + 9. Let f(d) = -d + 10. Let q(m) = 6*f(m) - 7*k(m). Is q(9) a composite number?
True
Suppose b - 8 = 3*l, -3*l + 8*l = 2*b - 11. Let s(h) = -h + 1. Let r(d) = 2*d**2 + 8*d + 5. Let q(t) = r(t) + s(t). Is q(b) composite?
True
Let g(q) = -6*q + 1. Is g(-2) prime?
True
Suppose -3*t + 535 = 2*t. Suppose 0 = -2*u + 8, j = 5*u + t. Is j composite?
False
Let s be (1 + 0)/(2/4). Let u = 12 - s. Is u prime?
False
Let d(n) = n**3 - n**2 + 2*n + 2. Is d(4) a prime number?
False
Is (8/12)/(10/31095) prime?
False
Is (-4 - 12)/8 - 1*-219 a composite number?
True
Let u = -5 - -7. Is u*4/8*13 prime?
True
Suppose 4*t + 565 = 4*f + 197, 3*f + 92 = -t. Is 9/(-27)*(t + -1) prime?
True
Suppose 3 = -4*y + y. Is (y - -12)*1*1 prime?
True
Let i(g) = g**3 + 4*g**2 - g + 2. Is i(3) prime?
False
Suppose -3*k + 6*k = 9. Suppose -k*s - 2*s - 2*o + 99 = 0, -8 = -4*o. Is s a prime number?
True
Let o = 9 - 3. Is ((-596)/6)/((-4)/o) prime?
True
Is 1*(-4 + -13)*-5 composite?
True
Let k(f) = 2*f**2 - 10*f - 10. Let s be k(-7). Suppose -m - 44 = -s. Suppose -2*o + 2*a - a = -m, 0 = 2*o + a - 106. Is o prime?
False
Suppose 3*q + 0*q - 177 = 0. Let m(o) = o**2 - 40. Let z be m(0). Let n = q + z. Is n a prime number?
True
Let k be (10/3)/(2/3). Suppose 7*c = 2*c + k. Suppose -14 = -5*m - 2*a - c, 2*a + 5 = m. Is m composite?
False
Let p(w) = 4*w + 5. Let x = 17 - 12. Is p(x) a prime number?
False
Let c = -9 + 5. Suppose -6*h - 115 - 65 = 0. Is (2 - (-10)/c)*h a prime number?
False
Let r(t) = t**2 - 7*t + 2. Let p be r(7). Suppose p*c = 5*c + f - 264, -c + 86 = f. Is c prime?
True
Let h(s) be the first derivative of -45*s**4/2 - 2*s**3/3 - s**2/2 + 1. Is h(-1) a composite number?
False
Let r(h) = h**2 - h + 2. Let p be r(2). Suppose 5 + 3 = -p*m, 613 = 3*j - 2*m. Is j prime?
False
Suppose 5*z + 5 = 30. Is z/((-10)/(-48)) - 3 composite?
True
Is 10/40 + (-470)/(-8) a prime number?
True
Let z be (0 + (-1 - -1))/2. Suppose 4*o = -0*o. Suppose z*x - x + 15 = o. Is x a prime number?
False
Let s be -2 + 0 + (0 - 0). Let k be 0/(1*(s + 3)). Suppose 2*t - o - 18 = 7, k = -2*t + 2*o + 30. Is t a composite number?
True
Let k = 86 - -137. Is k prime?
True
Let m be (12/(-2) + -2)/(-2). Let o(l) = 6*l**3 - 5*l. Let a be o(4). Suppose 0 = 2*c - 7*c, 0 = m*t + 4*c - a. Is t a composite number?
True
Let q(s) = 69*s - 7. Is q(10) composite?
False
Suppose -6*l = -4*l - 30. Is l a composite number?
True
Let r be 3/(-6) - 1/(-2). Is 0 - (r - (-105)/(-3)) composite?
True
Let u(z) = -z**3 + 13*z**2 - 13*z + 17. Let b be u(12). Suppose -b*o = 32 - 12, -q - 4*o - 14 = 0. Suppose q*p - 4*p + 406 = 0. Is p composite?
True
Let k(r) = -r + 5. Let z = 4 - 4. Let h be k(z). Suppose 4*w = -2*l + 90, h*w = w - 20. Is l a composite number?
True
Let z(q) = q**3 + 11*q**2 - 5*q - 10. Is z(9) prime?
False
Let v(n) = 59*n + 22. Is v(9) prime?
False
Suppose -y + 5*f + 15 = 4*y, 4*f + 4 = 0. Suppose d + y*j = -8, -2*d - 4*j - j - 21 = 0. Suppose 0 = d*o - 6. Is o a prime number?
True
Let l(r) = -r**3 - 6*r**2 + r + 8. Let k be l(-6). Let m be k/(0 - 1 - -3). Is 0 + m - (-468)/3 prime?
True
Suppose 2*v - 28 = -v + 4*x, -5*x = 20. Let u be v/(-18) - (-40)/18. Suppose u*p - 159 = 71. Is p composite?
True
Suppose -3*o - 9 = 5*l, 4*l = 2*l + o - 8. Is 4 + l - 2*-32 composite?
True
Suppose -t = -2*f + 170, -2*t - 82 = 2*f - 3*f. Let r = 164 - f. Suppose -4*c = -c - r. Is c prime?
False
Let o be 40 + -8 - (0 - 3). Suppose -2*v + o = -v. Is v a prime number?
False
Suppose 11*u = 10*u + 162. Suppose 3*s - 237 = 3*d, -2*s + u = -2*d - 2*d. Is s a prime number?
False
Suppose 4*j + 229 = -31. Let v = j - -130. Is v a composite number?
True
Let b(n) = n**2 - 7*n + 8. Let s be b(6). Suppose 0 = -s*c + 4*c - 78. Is c composite?
True
Let h = 3 + -1. Suppose -h*f + 65 + 27 = 0. Is f a composite number?
True
Suppose -x + 1466 = 2*w, 2*w + 2*w + x - 2930 = 0. Suppose 2*t + 58 = w. Is t prime?
True
Let q = -3 + 9. Suppose 2*l = -2*p + 10, -8 = -2*p - 4*l + q. Suppose 0 = -3*f - 5*z + 45, 3*z = -p*f + 53 - 8. Is f a composite number?
True
Let p(n) = n**2 + n - 1.